le of 79?
False
Let a = 145 + -84. Suppose -135 - a = -4*t. Is t a multiple of 18?
False
Suppose 0 = 6*s + 107 + 163. Let r = s + 78. Is 11 a factor of r?
True
Let l(u) = 11*u**2 - 19*u + 88. Does 5 divide l(-12)?
True
Let w(a) = a + 12. Let x be w(-7). Let g(u) be the second derivative of u**4/4 - u**3 - 3*u**2/2 + 12*u - 3. Is 7 a factor of g(x)?
True
Let b = -107 + 27. Let n = 100 + b. Is n a multiple of 4?
True
Let t(q) = -14*q - 12. Let w be t(3). Let x = 43 + -118. Let k = w - x. Is 7 a factor of k?
True
Let s = -49 - -82. Let t = -33 + s. Suppose t = 5*u - 96 + 26. Is 14 a factor of u?
True
Let z be (3 + -1)*(-12)/8. Is 9 a factor of (-53)/z - (-3)/9?
True
Let k(u) = u**3 - 11*u**2 + 8*u + 6. Let l be k(11). Suppose -3*s + 170 = -l. Does 8 divide s?
True
Let d(l) = 4*l - 5*l**2 - l + 1 + l. Let s be d(3). Let q = s + 55. Does 17 divide q?
False
Is 114 a factor of (-4)/6 + (14 - 239666/(-57))?
True
Let b(p) be the second derivative of p**5/20 + p**4/2 - p**3/6 - 3*p**2 + 6*p. Let f be b(-6). Suppose f = 5*q - 9*q + 36. Is q a multiple of 3?
True
Suppose 14*m = 3873 + 26731. Does 15 divide m?
False
Let h = 450 + 364. Is h a multiple of 37?
True
Let m(u) = u. Let f(r) = -r**3 + 4*r**2 - 2*r - 4. Let n be f(3). Let y be m(n). Does 7 divide y/(-4) + 1215/36?
False
Suppose 2*b - 5*b + 5*c = -901, 4*b - 1178 = -5*c. Is 11 a factor of b?
True
Let x = -1369 + 3823. Is x a multiple of 15?
False
Suppose -17 = -h - 15. Suppose 3*f + h = 2*f. Does 6 divide f/9 - (-1088)/36?
True
Is 35 a factor of -3*(-1 + 674)/(-7 + 4)?
False
Let r be (-21)/(-14) + (-98)/(-4). Suppose 0 = 4*j - 22 - r. Suppose 5*c + j = o, -o - o = 5*c - 39. Is o a multiple of 6?
False
Let n be 228/14 - 8/28. Let f = -13 + n. Suppose l - 3 - 1 = 0, -f*l + 172 = 5*s. Is s a multiple of 16?
True
Let i(a) = 2*a**2 - 13*a - 109. Is 9 a factor of i(16)?
False
Suppose -12*g + 1628 = -184. Is 17 a factor of g?
False
Let i = 293 + -134. Is 42 a factor of i?
False
Suppose -2*f - 5*p = 66, 5*f + 2*p = 6*p - 165. Suppose -2*m - 71 = 31. Let i = f - m. Is i a multiple of 18?
True
Let s(p) = 3*p**3 + p**2 - p + 1. Let t be s(1). Suppose 0 = -t*w + 119 + 77. Is w a multiple of 19?
False
Suppose 5*w = 2*y + 160, 5*w + 68 = 3*y + 303. Let q = 107 + y. Is 16 a factor of q?
True
Let n = -3 + 5. Suppose -2*s = n*s. Suppose 4*v + s*v - 32 = 0. Is v a multiple of 8?
True
Suppose -k - 3 = -9. Suppose 4*n - w = k*n - 3, -3*n + 3*w = 0. Does 3 divide 2 + (10 - 2) + n?
False
Suppose 0 = 3*s - 4*n - 1431, 2*s - 950 = -39*n + 43*n. Is 37 a factor of s?
True
Suppose -4*h = -h + 189. Let d = 225 + -233. Is 13 a factor of d/(-20) + h/(-5)?
True
Suppose -11*s + 13*s = -110. Let f = s - -135. Does 20 divide f?
True
Let h be (0 - -1)*(357 + 2). Suppose 12*l - 1991 + h = 0. Does 17 divide l?
True
Suppose 41*d + 44148 = 140744. Is d a multiple of 17?
False
Let a(v) be the third derivative of -13*v**4/24 + v**3/6 - 11*v**2. Does 8 divide a(-4)?
False
Suppose -29*p + 5183 + 3430 = 0. Is 120 a factor of p?
False
Suppose -473 - 1449 = -5*u - f, -u + 3*f + 394 = 0. Does 28 divide u?
False
Suppose 3*b - b = 0, 4*b = -y + 8. Suppose 28*q - 26*q = y. Is q a multiple of 4?
True
Suppose 0 = 2*u - k - 554, -37*k + 39*k = -4. Is u a multiple of 92?
True
Suppose -7*m + 610 = -188. Suppose -3*q + m = 39. Is q a multiple of 5?
True
Is 2 a factor of (-3)/9*(2 - 52*5)?
True
Suppose -4*n + 80 = n. Suppose -5*m = -5*r + 20, 4*r + 18 = -m - 6. Is (-4)/n + (-202)/m a multiple of 8?
False
Let k be 88/12 + -2 - 4/12. Suppose -3*u = -628 - 470. Suppose k*t = u + 159. Does 27 divide t?
False
Let f(s) = s**3 + 5*s**2 + 2*s - 1. Let u be f(-3). Let p = 14 - u. Suppose 57 = -2*l + p*l. Is l a multiple of 19?
True
Suppose -5*l = i - 3203, -6*i + 5*l = -i - 16135. Does 25 divide i?
False
Let c(d) = 222*d - 310. Is 10 a factor of c(5)?
True
Suppose 6 = 3*m - m. Suppose -51 = -m*w + 2*t, -w + 4*t = -0 - 27. Does 8 divide w?
False
Let s(d) = 2*d**2 + d - 1. Let a be s(-2). Suppose 0 = a*t - 4*f - 15, -f - 5 = 4*t - 17. Suppose -o = 3*i - 4, -3*i - t = 3*o + 3. Is 2 a factor of i?
False
Let r = -898 + 1129. Is 18 a factor of r?
False
Let f(i) = -84*i - 55. Does 13 divide f(-7)?
True
Suppose d - 47 - 213 = 0. Suppose -14*r + 9*r = -d. Does 5 divide r?
False
Is (-645)/((-75)/(-15) + -3 + -3) a multiple of 77?
False
Let j(m) = -29*m - 17. Let k be j(6). Let p = k + 270. Does 35 divide p?
False
Let y = -6 - 267. Let b = y + 482. Is 11 a factor of b?
True
Let r = 25 - 71. Is 4 a factor of 0/(4 - 3) - (r + 2)?
True
Let b(p) = p**3 - 10*p**2 + 3*p - 4. Let f be b(7). Let r = -32 - f. Is 7 a factor of r?
True
Let j(p) = -8*p**2 + 2*p - 4. Let g be j(2). Is 8 a factor of g*-1*(-3)/(-2)?
True
Let u = -42 + 101. Is 4 a factor of u?
False
Let s be 44/8 + (-1)/2. Let o(w) = -w**3 + 5*w**2 + 8*w - 8. Is 8 a factor of o(s)?
True
Suppose -2*z - 4 + 0 = 0. Let d(p) = -2*p - 4. Let s be d(z). Suppose -4*v + 202 - 46 = s. Is 13 a factor of v?
True
Let g = 148 + -148. Suppose -134 = -3*u - 2*d + 194, g = 4*u - 5*d - 422. Is 18 a factor of u?
True
Suppose -4*m + m = -90. Does 28 divide 21*(-6)/(-27)*m?
True
Let a = -47 - -27. Let x = 20 + a. Suppose 0 = 2*w - x - 80. Is w a multiple of 20?
True
Suppose 152 = 4*b + 5*k, -4*k + 108 = 2*b + 32. Suppose 0 = -2*g - 3*g. Suppose g*d + b = 2*d. Is d a multiple of 6?
False
Suppose -16*m = -12*m - 12. Is 29 a factor of (256/m - -1) + (-32)/(-48)?
True
Suppose -4*j = -j - 27. Let a = -10 + j. Let t(u) = -8*u**3 + u. Is 7 a factor of t(a)?
True
Suppose 0 = 3*g + 3*m + 2*m - 9, -2*m = 4*g - 12. Suppose s = 4*o - 8, -2*o - 4 = -g*s + 2. Suppose 5*j + 94 = 2*r, o*j - j - 293 = -5*r. Is 19 a factor of r?
True
Is 17 a factor of (1 - (1 - 816)) + 0?
True
Let v = -4 - -9. Let n(t) = t**2 - t + 0*t - t - 17 + v*t. Is 5 a factor of n(-8)?
False
Suppose 35 + 45 = 5*d. Suppose -2*j + d - 10 = 0. Suppose -5*o = -j*o - 44. Is 10 a factor of o?
False
Let g be 3 + (-2 - -4)/1. Suppose 3*y - 105 = 3*s - s, g*s = -y + 35. Is y a multiple of 7?
True
Let r = 31 - 27. Suppose 13 = r*o + 1. Suppose 2*c - 73 = -3*f + 4*f, 2*c - o*f = 83. Does 8 divide c?
False
Let y(b) = -11*b + 2. Let o = -45 + 36. Does 26 divide y(o)?
False
Is 3 a factor of 7 + 0/(-6) + 82?
False
Let g be -1 + (3 - 2)*3. Suppose 0 = -3*a - g*a + 110. Suppose h - a = -0*h. Is h a multiple of 22?
True
Let q(b) be the first derivative of b**2/2 - 8*b + 2. Is q(10) a multiple of 2?
True
Let g(y) = -2*y - 4. Let s be g(-4). Suppose s*q - 5 = 19. Suppose -q*i = -2*i - 40. Is 10 a factor of i?
True
Let p be 6/((-52)/16 - -4). Is -3 + 3 + p + 2 a multiple of 10?
True
Suppose 8 - 3 = -5*y. Is 16 a factor of 0/y - -1 - (-1 - 20)?
False
Let p(v) = 9*v**2 - 7*v + 18. Is 10 a factor of p(6)?
True
Suppose 4*t - 4*f = -72, 49 = t - 4*t - 2*f. Let m = 19 + t. Suppose m*y + 40 = 2*n, -6*y - 25 = -y. Does 3 divide n?
True
Suppose -4*o + 6*o = 2*n + 306, 0 = 2*o - 5*n - 321. Is o a multiple of 43?
False
Let h = -116 + 348. Is h a multiple of 20?
False
Let x = 18 - 3. Does 27 divide (-7252)/(-60) + 2/x?
False
Let m(f) = 7*f + 29 + 7*f - 13*f. Is 12 a factor of m(-14)?
False
Suppose 5193 = 31*s - 27*s + 5*n, -5*n = -25. Is s a multiple of 38?
True
Suppose 3*p = 95 + 28. Suppose u + 3*u = -24. Let l = p + u. Is 12 a factor of l?
False
Let h(w) = 4*w - 5*w + 31 - 4 + 2*w. Let p be h(-13). Let y = 36 - p. Is y a multiple of 12?
False
Let t(v) = -139*v - 211. Does 22 divide t(-5)?
True
Is 14 a factor of (-9)/6 - ((-11228)/8 - -2)?
True
Let a(o) = 94*o**2 + 49*o - 97. Is a(2) a multiple of 29?
True
Let h(s) = s - 4. Let y be h(6). Suppose y*o = -2*o - t + 256, -3*t = -2*o + 128. Is o a multiple of 8?
True
Let a(b) be the first derivative of b**4/4 - b**3/3 - 2*b**2 - 5*b + 1. Suppose 6*c - 2*w = 5*c + 8, -c + 2 = w. Is 10 a factor of a(c)?
False
Let b(x) = 6*x + 39 - 2*x - 45. Let v(t) = -t**2 - 10*t - 2. Let i be v(-9). Is 22 a factor of b(i)?
True
Let q = 112 + -24. Is 44 a factor of q?
True
Suppose -3*l + 17 = -4*h, -h - 7 - 4 = -3*l. Let u be l - (-16)/(16/(-4)). Does 14 divide (-44 - (-2 + 0))/u?
True
Let j(l) = 7 + 15*l - l**2 - 11 + l - 23. Does 3 divide j(13)?
True
Let b be ((-6)/(-10))/(1/10). Suppose 2*o = 18 + b. Let x(r) = -r**2 + 18*r - 4. Does 17 divide x(o)?
True
Let y(q) = 249*q - 99. Does